{"id":2154,"date":"2025-10-26T14:06:45","date_gmt":"2025-10-26T13:06:45","guid":{"rendered":"https:\/\/visionexpress.pl\/porady\/?page_id=2154"},"modified":"2025-10-27T14:18:43","modified_gmt":"2025-10-27T13:18:43","slug":"iwear","status":"publish","type":"page","link":"https:\/\/visionexpress.pl\/porady\/iwear\/","title":{"rendered":"soczewki kontaktowe iWear"},"content":{"rendered":"","protected":false},"excerpt":{"rendered":"","protected":false},"author":2,"featured_media":0,"parent":0,"menu_order":0,"comment_status":"closed","ping_status":"closed","template":"page-brand.php","meta":{"_acf_changed":false,"footnotes":"","_links_to":"","_links_to_target":"","_wp_rev_ctl_limit":""},"class_list":["post-2154","page","type-page","status-publish","hentry"],"acf":[],"yoast_head":"<!-- This site is optimized with the Yoast SEO plugin v26.9 - https:\/\/yoast.com\/product\/yoast-seo-wordpress\/ -->\n<title>soczewki kontaktowe iWear - Vision Express<\/title>\n<meta name=\"description\" content=\"Poznaj soczewki kontaktowe iWear i przekonaj si\u0119, jak \u0142atwo dopasujesz je do \u017cycia w biegu. Wypr\u00f3buj je i otw\u00f3rz si\u0119 na codzienny komfort.\" \/>\n<meta name=\"robots\" content=\"index, follow, max-snippet:-1, max-image-preview:large, max-video-preview:-1\" \/>\n<link rel=\"canonical\" href=\"https:\/\/visionexpress.pl\/porady\/iwear\/\" \/>\n<meta property=\"og:locale\" content=\"pl_PL\" \/>\n<meta property=\"og:type\" content=\"article\" \/>\n<meta property=\"og:title\" content=\"soczewki kontaktowe iWear - Vision Express\" \/>\n<meta property=\"og:description\" content=\"Poznaj soczewki kontaktowe iWear i przekonaj si\u0119, jak \u0142atwo dopasujesz je do \u017cycia w biegu. Wypr\u00f3buj je i otw\u00f3rz si\u0119 na codzienny komfort.\" \/>\n<meta property=\"og:url\" content=\"https:\/\/visionexpress.pl\/porady\/iwear\/\" \/>\n<meta property=\"og:site_name\" content=\"Vision Express Porady\" \/>\n<meta property=\"article:modified_time\" content=\"2025-10-27T13:18:43+00:00\" \/>\n<meta name=\"twitter:card\" content=\"summary_large_image\" \/>\n<meta name=\"twitter:label1\" content=\"Szacowany czas czytania\" \/>\n\t<meta name=\"twitter:data1\" content=\"6 minut\" \/>\n<script type=\"application\/ld+json\" class=\"yoast-schema-graph\">{\"@context\":\"https:\/\/schema.org\",\"@graph\":[{\"@type\":\"WebPage\",\"@id\":\"https:\/\/visionexpress.pl\/porady\/iwear\/\",\"url\":\"https:\/\/visionexpress.pl\/porady\/iwear\/\",\"name\":\"soczewki kontaktowe iWear - Vision Express\",\"isPartOf\":{\"@id\":\"https:\/\/visionexpress.pl\/porady\/#website\"},\"datePublished\":\"2025-10-26T13:06:45+00:00\",\"dateModified\":\"2025-10-27T13:18:43+00:00\",\"description\":\"Poznaj soczewki kontaktowe iWear i przekonaj si\u0119, jak \u0142atwo dopasujesz je do \u017cycia w biegu. Wypr\u00f3buj je i otw\u00f3rz si\u0119 na codzienny komfort.\",\"breadcrumb\":{\"@id\":\"https:\/\/visionexpress.pl\/porady\/iwear\/#breadcrumb\"},\"inLanguage\":\"pl-PL\",\"potentialAction\":[{\"@type\":\"ReadAction\",\"target\":[\"https:\/\/visionexpress.pl\/porady\/iwear\/\"]}]},{\"@type\":\"BreadcrumbList\",\"@id\":\"https:\/\/visionexpress.pl\/porady\/iwear\/#breadcrumb\",\"itemListElement\":[{\"@type\":\"ListItem\",\"position\":1,\"name\":\"Strona g\u0142\u00f3wna\",\"item\":\"https:\/\/visionexpress.pl\/porady\/\"},{\"@type\":\"ListItem\",\"position\":2,\"name\":\"soczewki kontaktowe iWear\"}]},{\"@type\":\"WebSite\",\"@id\":\"https:\/\/visionexpress.pl\/porady\/#website\",\"url\":\"https:\/\/visionexpress.pl\/porady\/\",\"name\":\"Vision Express Porady\",\"description\":\"Porady\",\"potentialAction\":[{\"@type\":\"SearchAction\",\"target\":{\"@type\":\"EntryPoint\",\"urlTemplate\":\"https:\/\/visionexpress.pl\/porady\/?s={search_term_string}\"},\"query-input\":{\"@type\":\"PropertyValueSpecification\",\"valueRequired\":true,\"valueName\":\"search_term_string\"}}],\"inLanguage\":\"pl-PL\"}]}<\/script>\n<!-- \/ Yoast SEO plugin. -->","yoast_head_json":{"title":"soczewki kontaktowe iWear - Vision Express","description":"Poznaj soczewki kontaktowe iWear i przekonaj si\u0119, jak \u0142atwo dopasujesz je do \u017cycia w biegu. Wypr\u00f3buj je i otw\u00f3rz si\u0119 na codzienny komfort.","robots":{"index":"index","follow":"follow","max-snippet":"max-snippet:-1","max-image-preview":"max-image-preview:large","max-video-preview":"max-video-preview:-1"},"canonical":"https:\/\/visionexpress.pl\/porady\/iwear\/","og_locale":"pl_PL","og_type":"article","og_title":"soczewki kontaktowe iWear - Vision Express","og_description":"Poznaj soczewki kontaktowe iWear i przekonaj si\u0119, jak \u0142atwo dopasujesz je do \u017cycia w biegu. Wypr\u00f3buj je i otw\u00f3rz si\u0119 na codzienny komfort.","og_url":"https:\/\/visionexpress.pl\/porady\/iwear\/","og_site_name":"Vision Express Porady","article_modified_time":"2025-10-27T13:18:43+00:00","twitter_card":"summary_large_image","twitter_misc":{"Szacowany czas czytania":"6 minut"},"schema":{"@context":"https:\/\/schema.org","@graph":[{"@type":"WebPage","@id":"https:\/\/visionexpress.pl\/porady\/iwear\/","url":"https:\/\/visionexpress.pl\/porady\/iwear\/","name":"soczewki kontaktowe iWear - Vision Express","isPartOf":{"@id":"https:\/\/visionexpress.pl\/porady\/#website"},"datePublished":"2025-10-26T13:06:45+00:00","dateModified":"2025-10-27T13:18:43+00:00","description":"Poznaj soczewki kontaktowe iWear i przekonaj si\u0119, jak \u0142atwo dopasujesz je do \u017cycia w biegu. Wypr\u00f3buj je i otw\u00f3rz si\u0119 na codzienny komfort.","breadcrumb":{"@id":"https:\/\/visionexpress.pl\/porady\/iwear\/#breadcrumb"},"inLanguage":"pl-PL","potentialAction":[{"@type":"ReadAction","target":["https:\/\/visionexpress.pl\/porady\/iwear\/"]}]},{"@type":"BreadcrumbList","@id":"https:\/\/visionexpress.pl\/porady\/iwear\/#breadcrumb","itemListElement":[{"@type":"ListItem","position":1,"name":"Strona g\u0142\u00f3wna","item":"https:\/\/visionexpress.pl\/porady\/"},{"@type":"ListItem","position":2,"name":"soczewki kontaktowe iWear"}]},{"@type":"WebSite","@id":"https:\/\/visionexpress.pl\/porady\/#website","url":"https:\/\/visionexpress.pl\/porady\/","name":"Vision Express Porady","description":"Porady","potentialAction":[{"@type":"SearchAction","target":{"@type":"EntryPoint","urlTemplate":"https:\/\/visionexpress.pl\/porady\/?s={search_term_string}"},"query-input":{"@type":"PropertyValueSpecification","valueRequired":true,"valueName":"search_term_string"}}],"inLanguage":"pl-PL"}]}},"_links":{"self":[{"href":"https:\/\/visionexpress.pl\/porady\/wp-json\/wp\/v2\/pages\/2154","targetHints":{"allow":["GET"]}}],"collection":[{"href":"https:\/\/visionexpress.pl\/porady\/wp-json\/wp\/v2\/pages"}],"about":[{"href":"https:\/\/visionexpress.pl\/porady\/wp-json\/wp\/v2\/types\/page"}],"author":[{"embeddable":true,"href":"https:\/\/visionexpress.pl\/porady\/wp-json\/wp\/v2\/users\/2"}],"replies":[{"embeddable":true,"href":"https:\/\/visionexpress.pl\/porady\/wp-json\/wp\/v2\/comments?post=2154"}],"version-history":[{"count":10,"href":"https:\/\/visionexpress.pl\/porady\/wp-json\/wp\/v2\/pages\/2154\/revisions"}],"predecessor-version":[{"id":14833,"href":"https:\/\/visionexpress.pl\/porady\/wp-json\/wp\/v2\/pages\/2154\/revisions\/14833"}],"wp:attachment":[{"href":"https:\/\/visionexpress.pl\/porady\/wp-json\/wp\/v2\/media?parent=2154"}],"curies":[{"name":"wp","href":"https:\/\/api.w.org\/{rel}","templated":true}]}}